 -150. What are the prime factors of c?
2, 23
Suppose 0 = -179*x + 192*x - 18382. What are the prime factors of x?
2, 7, 101
Suppose -296*l - 1468818 + 6648839 = -10461803. What are the prime factors of l?
2, 11, 1201
Suppose 4 = -11*u + 10*u. Let h be 956/16 + 3/u. Suppose -4*o + 3*o = -h. List the prime factors of o.
59
Let l be 110 + -3 - (2 - (-15)/5). Suppose l = 4*i - 442. What are the prime factors of i?
2, 17
Let o(p) = -2 + 5*p + 0*p**2 - 5*p + 11*p + 2*p**2. Suppose 5*a - 31 = -6. List the prime factors of o(a).
103
Let k(a) = 5*a - a**3 + 62*a**2 + 2*a**3 - 49*a**2 + 24 - 3*a. Let m be k(-12). Suppose -3*q + 537 = m. What are the prime factors of q?
131
Suppose 0 = 5*d - 2*r - 19911 - 99458, 2*d = 3*r + 47752. List the prime factors of d.
23873
Suppose -4*s - 6*l = -8*l - 344, 2*l = 4. Suppose 127 + 13 = -4*f. Let i = s - f. List the prime factors of i.
2, 61
Let t(j) = -6*j**2 - 2*j - 4. Let a be t(-3). Let n be 13/(a/(-8)) - (-5 + -1). Suppose -2*b = -n, 305 = -c + 4*c - 4*b. List the prime factors of c.
107
Suppose -16*w + 77246 = -3*w. What are the prime factors of w?
2, 2971
Let a(f) = 237*f**2 + 69*f - 1433. List the prime factors of a(13).
43, 919
Suppose -3*z - 290 = -3*i - 56, 0 = 5*i - 2*z - 384. Suppose -i = -5*o - 16. List the prime factors of (16/o)/(-2)*-51.
2, 17
Suppose -5*y + 111580 + 117649 = 8*y. What are the prime factors of y?
7, 11, 229
Suppose -2 = 3*c - 2*c, 4*f - c = 814. Suppose k + 4*r - 59 = 0, -4*k + r + f = -k. List the prime factors of k.
67
Let t = -3192 - -6017. Let x = -1476 + t. List the prime factors of x.
19, 71
Let s = 66 - 72. Let m be -2*(45/s + 1 + 0). Suppose -n - 5*q = -41, -2*n + 5*q + 69 = -m. List the prime factors of n.
41
Suppose -9*d - 5*p + 81493 = 0, -9684 = 5*d - p - 54939. List the prime factors of d.
2, 31, 73
Suppose -13*v - 22835 - 15715 = -43*v. List the prime factors of v.
5, 257
Let m(k) = -73*k + 49. Suppose -12 - 88 = 20*c. List the prime factors of m(c).
2, 3, 23
Let c(s) be the second derivative of -s**3/3 - 13*s**2/2 - 22*s. Let m be c(-6). What are the prime factors of (m/3)/((-3)/1116*2)?
2, 31
Let u(y) = y**3 - 3*y**2 - y + 1. Suppose -2*h - 20 = -6*h. Suppose -20 = -5*c + 5, -h*p + 4*c + 5 = 0. What are the prime factors of u(p)?
2, 23
Suppose 0 = -5*v - 25, 5 = 5*z + v - 2*v. Suppose 3*q + 523 = -4*y - z*q, 0 = 4*y + q + 529. Let i = 233 + y. What are the prime factors of i?
2, 5
Let k(w) = w**3 - 38*w**2 - 37*w - 59. Let v be k(39). Let c be (1/3)/(1/9). Suppose 3*b = 4*l - 25, 2*b + c = -2*l + v. What are the prime factors of l?
7
Suppose -4*k = 3*h - 1691, -2*k + 1126 = 3*h - h. Let c = h - -356. What are the prime factors of c?
7, 131
Suppose 5*l + 17 + 39 = -2*t, -3*l - 6 = 0. What are the prime factors of t/(345/100)*912/(-10)?
2, 19
Suppose 4*t - 4 = -0. What are the prime factors of 367/t*(-3)/(-2 - 1)?
367
Let k(h) = -h**3 + 8*h**2 + h - 6. Let l be 86/11 - (-10)/55. Let m be k(l). Suppose 2*r + t = 186, -m*r = -7*r + 2*t + 483. What are the prime factors of r?
5, 19
Let v = 785 - 557. Suppose -2*q - q = -v. What are the prime factors of q?
2, 19
Let x(c) = -756*c + 2790. What are the prime factors of x(-42)?
2, 3, 19, 101
Suppose 3*d - 3*f - 152088 = 0, -22*d - 202752 = -26*d - 4*f. List the prime factors of d.
2, 19, 23, 29
Let i(d) = 11*d**2 - 4*d + 4. Let l be i(1). Let z(n) = 6*n - 4. Let m(h) = h. Let k(b) = -5*m(b) + z(b). What are the prime factors of k(l)?
7
Let u = -57 + 60. Suppose 336 = -u*j - 6. Let l = -8 - j. List the prime factors of l.
2, 53
Let m be (56/21)/((-26065)/(-8685) - 3). Suppose -m - 3474 = -15*q. List the prime factors of q.
2, 193
Suppose 0 = 3*x - 2*m - 1, 5*x + 1 = 2*m + 8. Let k = -1 + x. What are the prime factors of 13/((-364)/(-3704)) + k/(-7)?
2, 3, 11
Let o = -144 - -80. Let g = o - -69. Suppose g*i + y - 2*y - 630 = 0, -4*y = 4*i - 528. List the prime factors of i.
127
Let o(n) = 53*n**2 - 3*n + 1. Let r be o(3). Let j = r - 119. Suppose 4*v - 258 = j. What are the prime factors of v?
2, 19
Let b = -63 - -61. Let h be (-38 + b)/((8/6)/(-2)). What are the prime factors of ((-2)/5)/(3/h*-2)?
2
Let x be (-5)/(25/10) + -4. Let j(h) = -11 - 8 - 23*h - 7. List the prime factors of j(x).
2, 7
Let q(j) = 5459*j**3 - 18*j**2 + 13*j + 4. What are the prime factors of q(1)?
2, 2729
List the prime factors of ((-44338)/(-8))/(678/24 + -28).
7, 3167
Suppose -13 + 43 = 6*o. Suppose -3*m = l + 261 - 1184, -5*m = -o*l + 4535. What are the prime factors of l?
911
Suppose 15*b + 2*h - 101068 = 11*b, -h - 6 = 0. List the prime factors of b.
2, 5, 7, 19
Suppose 1922*m - 1884*m - 286748 = 0. List the prime factors of m.
2, 7, 11
Let i(l) = -5*l**3 - 11*l**2 + 110*l - 221. List the prime factors of i(-23).
5, 10453
Suppose -179*x + 3839931 = 127*x - 7222275. List the prime factors of x.
36151
Let j = 1 - -4. Suppose 6*c - j = 61. Suppose -c*k + 376 = -735. What are the prime factors of k?
101
Let m = 169 + -164. List the prime factors of (-38 - -33)*(-909)/m.
3, 101
Let y(f) = 518*f**2 + 34*f - 74. List the prime factors of y(2).
2, 1033
Suppose 43*s - 185970 = -54*s + 238987. What are the prime factors of s?
13, 337
Suppose 153337 - 1080433 = -24*j. What are the prime factors of j?
38629
Suppose 0 = 7*b + 92 + 132. Let u = 98 + b. List the prime factors of u.
2, 3, 11
Let a(q) = 3*q**2 - 7*q - 7. Let g be a(3). Let i(k) be the second derivative of -63*k**5/20 - k**4/12 - k**3/6 - k. List the prime factors of i(g).
3, 7
Let h be (-3)/(-2 + (-92)/(-48)). Let d be 1320/h*6/4. Suppose -p + d = -32. What are the prime factors of p?
3, 29
List the prime factors of (-1)/(7/(-61376)) - (-143)/13.
8779
Let n(w) = -w**2 - 43*w + 49. Let s(o) = 21*o - 25. Suppose -4*q - 3 = 2*p + 9, -4*p = -8. Let j(z) = q*n(z) - 7*s(z). List the prime factors of j(-9).
2, 3, 13
Let i(v) = -v**2 + 13*v + 6. Let b be i(6). Suppose -b = -2*g - 14. List the prime factors of g.
17
Suppose 11*v = 5*v + 18. Let a be -7 + 8 - 12/((-9)/v). Let l = 48 - a. What are the prime factors of l?
43
Let s(q) = -q**2 + 2*q + 22*q**3 - 41 + 34 + 4*q - 12*q**3. List the prime factors of s(3).
2, 17
Let s(a) be the second derivative of 11*a**4/6 + a**3/2 - 17*a**2/2 - 64*a. What are the prime factors of s(3)?
2, 5, 19
List the prime factors of -1*3*(4 + -2 + 0 + -21451).
3, 89, 241
Let q = 27 + -25. Suppose 12*p - 11*p - q = 0. What are the prime factors of 499/4 + p + 3/12?
127
Suppose 0 = -7*t + 105428 + 154891 - 61050. What are the prime factors of t?
3, 3163
Suppose 5*b - 2*o - 28764 - 1206 = 0, 0 = -5*b - o + 29985. List the prime factors of b.
2, 1499
Let v = 19243 + -11262. What are the prime factors of v?
23, 347
Let k(z) = 2*z - 13. Let s be k(8). Suppose 10*w + s*w = 2*w. Suppose w = -3*a - 4*a + 798. List the prime factors of a.
2, 3, 19
Let w = 38418 - 24052. What are the prime factors of w?
2, 11, 653
List the prime factors of (-177311844)/(-3108) - 1/7.
2, 5, 7, 163
Let b(w) be the third derivative of -w**6/40 - w**5/15 - w**4/24 + w**2 + 4. Suppose 0 = 3*l - 7*l - 12. List the prime factors of b(l).
2, 3
Let l = -1588 - -35206. What are the prime factors of l?
2, 3, 13, 431
List the prime factors of (-416)/(-39) + -11 - ((-255440)/6 + -4).
42577
Let f(t) = -10*t + 12. Let y be f(-4). Let v = y - 51. List the prime factors of (2/(-6))/(v/(-891)).
3, 11
Let q = -500 + 506. List the prime factors of 0 - (q + -11 + -182).
11, 17
Suppose -s + 1290 + 1005 = 3*i, -5*s + 2*i + 11424 = 0. List the prime factors of s.
2, 3, 127
Suppose 5*x = -x - 12. What are the prime factors of ((-348)/(-24))/(x/(-4))?
29
Let r = 5675 - -250. What are the prime factors of r?
3, 5, 79
Let a = 6929 + 15768. List the prime factors of a.
22697
Let w be ((-6)/(-42) + (-4)/(-21))*-3. Let o(c) be the second derivative of 20*c**4/3 + c**3/6 + c**2 + 3*c. What are the prime factors of o(w)?
3
Let n be (-7 - -4)/(5/(-1440)). Suppose 3*p + 5*r = 832, 2*p + p - 3*r - n = 0. List the prime factors of p.
2, 71
Let h(k) = k**2 - 10*k - 6. Let t(g) = -2*g**2 + 20*g + 10. Let o(v) = 13*h(v) + 6*t(v). What are the prime factors of o(25)?
3, 7, 17
Suppose 49 = 13*t - 55. Suppose 4212 = 5*c + t*c. List the prime factors of c.
2, 3
Let v(q) = -109*q + 60*q + 9 - 51*q. Let h be v(-3). Suppose 0 = -4*o + h - 81. Wh